1041?
2
What is the units digit of 211565309?
9
What is the tens digit of 106089655?
5
What is the hundreds digit of 1183968766?
7
What is the thousands digit of 33992572?
2
What is the hundreds digit of 45022522?
5
What is the billions digit of 1319151439?
1
What is the ten thousands digit of 342381772?
8
What is the units digit of 38267225?
5
What is the ten millions digit of 715892603?
1
What is the millions digit of 95341789?
5
What is the tens digit of 398056454?
5
What is the units digit of 1660059275?
5
What is the ten thousands digit of 8409150?
0
What is the millions digit of 238178520?
8
What is the ten thousands digit of 1001091605?
9
What is the tens digit of 84395314?
1
What is the ten millions digit of 2352233583?
5
What is the units digit of 697162846?
6
What is the hundred thousands digit of 38043338?
0
What is the hundred millions digit of 380185188?
3
What is the thousands digit of 1354118884?
8
What is the tens digit of 229655054?
5
What is the millions digit of 392674562?
2
What is the ten thousands digit of 1608982283?
8
What is the thousands digit of 1288641018?
1
What is the tens digit of 135835609?
0
What is the hundred millions digit of 1563261323?
5
What is the hundred thousands digit of 182079047?
0
What is the hundreds digit of 22792880?
8
What is the tens digit of 4547045452?
5
What is the thousands digit of 91695160?
5
What is the hundreds digit of 4023281951?
9
What is the millions digit of 44179899?
4
What is the tens digit of 666167034?
3
What is the units digit of 310181582?
2
What is the hundred thousands digit of 1169682208?
6
What is the hundreds digit of 117330374?
3
What is the units digit of 2809415759?
9
What is the thousands digit of 155419342?
9
What is the millions digit of 753351072?
3
What is the ten thousands digit of 104852407?
5
What is the ten millions digit of 4252242096?
5
What is the ten thousands digit of 1022687426?
8
What is the tens digit of 3287285?
8
What is the ten millions digit of 29915433?
2
What is the units digit of 875837285?
5
What is the thousands digit of 58486706?
6
What is the ten millions digit of 519666841?
1
What is the tens digit of 92634997?
9
What is the thousands digit of 128147975?
7
What is the ten thousands digit of 57038605?
3
What is the tens digit of 43958867?
6
What is the thousands digit of 3364799251?
9
What is the billions digit of 2368398374?
2
What is the hundred millions digit of 607363374?
6
What is the ten millions digit of 52613336?
5
What is the tens digit of 147731560?
6
What is the thousands digit of 128471058?
1
What is the millions digit of 436834922?
6
What is the hundreds digit of 267267967?
9
What is the millions digit of 55915653?
5
What is the hundreds digit of 92415968?
9
What is the billions digit of 5004751434?
5
What is the units digit of 42992277?
7
What is the thousands digit of 1881841632?
1
What is the units digit of 256539971?
1
What is the hundred millions digit of 4386776853?
3
What is the thousands digit of 2945390951?
0
What is the ten millions digit of 2085877106?
8
What is the ten thousands digit of 505406667?
0
What is the ten millions digit of 59519606?
5
What is the hundreds digit of 5641994462?
4
What is the hundred millions digit of 322607148?
3
What is the thousands digit of 513336435?
6
What is the hundred thousands digit of 364640798?
6
What is the hundred millions digit of 150520535?
1
What is the tens digit of 52196432?
3
What is the thousands digit of 393093583?
3
What is the units digit of 333680636?
6
What is the ten thousands digit of 1234827525?
2
What is the hundred thousands digit of 87243789?
2
What is the hundred millions digit of 1524712683?
5
What is the units digit of 80992695?
5
What is the ten thousands digit of 148564723?
6
What is the ten millions digit of 71446666?
7
What is the ten thousands digit of 1262473864?
7
What is the tens digit of 3634442?
4
What is the hundreds digit of 83386888?
8
What is the tens digit of 949585432?
3
What is the ten thousands digit of 297177630?
7
What is the hundreds digit of 3167829?
8
What is the hundreds digit of 51173169?
1
What is the hundreds digit of 321809570?
5
What is the tens digit of 2993054?
5
What is the hundred thousands digit of 127311100?
3
What is the hundreds digit of 219482079?
0
What is the ten thousands digit of 2364991872?
9
What is the hundreds digit of 81387077?
0
What is the hundred thousands digit of 14202184?
2
What is the tens digit of 205386907?
0
What is the hundred millions digit of 6344116105?
3
What is the hundred millions digit of 110814599?
1
What is the tens digit of 261657874?
7
What is the millions digit of 8069946?
8
What is the thousands digit of 36709473?
9
What is the tens digit of 7919107710?
1
What is the thousands digit of 568010329?
0
What is the millions digit of 994906734?
4
What is the hundred thousands digit of 34852322?
8
What is the tens digit of 1736754514?
1
What is the ten millions digit of 272176790?
7
What is the ten millions digit of 14052672?
1
What is the hundreds digit of 35456296?
2
What is the ten millions digit of 792780523?
9
What is the millions digit of 998080337?
8
What is the hundreds digit of 210180375?
3
What is the ten thousands digit of 96336188?
3
What is the ten millions digit of 1718525243?
1
What is the tens digit of 702974420?
2
What is the tens digit of 62788885?
8
What is the ten millions digit of 27876722?
2
What is the hundred thousands digit of 6286706?
2
What is the hundreds digit of 84156924?
9
What is the units digit of 28075762?
2
What is the ten millions digit of 1437885856?
3
What is the thousands digit of 82413132?
3
What is the hundred thousands digit of 2278727?
2
What is the hundred millions digit of 725890034?
7
What is the units digit of 113936810?
0
What is the hundred millions digit of 409295778?
4
What is the tens digit of 3037436833?
3
What is the tens digit of 19565783?
8
What is the hundred thousands digit of 3166184632?
1
What is the hundred thousands digit of 2780329473?
3
What is the hundreds digit of 395376826?
8
What is the thousands digit of 55994165?
4
What is the ten millions digit of 101761100?
0
What is the hundred thousands digit of 79621559?
6
What is the millions digit of 217340572?
7
What is the thousands digit of 134056235?
6
What is the ten millions digit of 160783002?
6
What is the thousands digit of 4963260648?
0
What is the thousands digit of 7611877246?
7
What is the ten thousands digit of 336956872?
5
What is the millions digit of 52060734?
2
What is the units digit of 235443681?
1
What is the ten thousands digit of 2086313030?
1
What is the tens digit of 298455023?
2
What is the tens digit of 96444343?
4
What is the units digit of 2407120751?
1
What is the hundred millions digit of 1160171194?
1
What is the units digit of 1056286077?
7
What is the thousands digit of 2235020?
5
What is the millions digit of 2095535040?
5
What is the tens digit of 1317437214?
1
What is the hundred thousands digit of 380884583?
8
What is the ten thousands digit of 73378661?
7
What is the ten thousands digit of 605810255?
1
What is the millions digit of 4583711?
4
What is the thousands digit of 32225814?
5
What is the units digit of 15032010?
0
What is the millions digit of 26397214?
6
What is the hundred thousands digit of 266342860?
3
What is the hundred millions digit of 598065776?
5
What is the millions digit of 383936100?
3
What is the millions digit of 9378956?
9
What is the millions digit of 153666772?
3
What is the ten millions digit of 779906060?
7
What is the ten millions digit of 67979916?
6
What is the ten millions digit of 25758999?
2
What is the ten millions digit of 3981480449?
8
What is the ten millions digit of 1194054400?
9
What is the millions digit of 531434248?
1
What is the hundred thousands digit of 105373389?
3
What is the tens digit of 4994512814?
1
What is the tens digit of 6067063?
6
What is the units digit of 154142628?
8
What is the tens digit of 1126803094?
9
What is the hundred thousands digit of 123103593?
1
What is the thousands digit of 248720173?
0
What is the ten thousands digit of 377658536?
5
What is the millions digit of 111452781?
1
What is the billions digit of 1882711095?
1
What is the thousands digit of 47001053?
1
What 